+ 49 = f - 17. What is the units digit of h?
7
Let p(w) be the third derivative of -w**4/24 - w**3/2 - w**2. Let m be p(-5). What is the units digit of -1*2/(m*-1)?
1
Let v(z) = 57*z + 13. What is the hundreds digit of v(4)?
2
Suppose -38 - 50 = -4*y. Let c = -5 + 11. Suppose 3*r - c = -q, -8 - y = -5*q + 4*r. What is the units digit of q?
6
Let p(s) = -s**3 + 2*s**2 + s + 2. Let w be p(2). Let x(c) = c**2 - 3*c - 3. What is the units digit of x(w)?
1
Let c = 10 + 5. Suppose 0 = 3*n + c - 60. What is the units digit of n?
5
Suppose 11*o - 4*o = 847. What is the hundreds digit of o?
1
Let l be ((-2)/1 + 1)*16. Let m = 1 - l. What is the tens digit of m?
1
Let s(q) = -4*q**3 - 11*q**2 - q - 6. Let v(o) = -9*o**3 - 23*o**2 - o - 12. Let t(i) = -7*s(i) + 3*v(i). What is the units digit of t(-7)?
7
Let i(c) = 2*c + 64. What is the tens digit of i(9)?
8
Let k(y) be the first derivative of y**2/2 + 13*y + 10. Let n be (-1 - 1*-1)/(-1). What is the tens digit of k(n)?
1
Suppose -f + 26 = 4*m, 0 = 5*f - 3*f - 4. Suppose 0 = m*z - z - 15. Suppose 0*p + z = 3*p. What is the units digit of p?
1
Suppose z = -9 + 11. Suppose -165 = -5*l + p, -3*p - z*p = -l + 57. What is the tens digit of l?
3
Suppose 3*f = 4 + 2. Suppose d - 2 = j - 0*d, 0 = f*j - d + 2. Suppose g - 1 + 0 = j. What is the units digit of g?
1
Let o be 2/14 - 27/(-7). What is the tens digit of 3 - (88/(-2))/o?
1
Let y = 238 + -86. What is the tens digit of y?
5
Suppose -10*r - 656 = -2336. What is the tens digit of r?
6
Suppose 15 = 3*v + 2*o, -20 = -4*v + 2*o - 4*o. Suppose -l - 4*c = 12 + 3, 4*c - 5 = -v*l. Suppose -l*i - 5 = -15. What is the units digit of i?
2
Suppose -3*c + 4*c = 21. Suppose 6*n = 3*v + 4*n - 49, 0 = 2*v + n - c. What is the units digit of v?
3
Suppose 0 = 2*n - 9 + 1. Suppose -1 + 9 = n*d. Suppose -2*m = -d - 12. What is the units digit of m?
7
Let k(c) be the second derivative of -c**5/10 - c**4/3 + c**3/6 + 3*c. Suppose -r + 12 = -3*a + 2*r, 5*a - 4*r + 19 = 0. What is the units digit of k(a)?
5
Let i(s) = -4*s + 6. Let r(t) = t**2 - 10*t + 10. Let y be r(8). What is the tens digit of i(y)?
3
Let b be (-16)/56 + (-130)/(-14). Suppose 4*u + 3*w - b = 16, 3*u - 3*w - 3 = 0. What is the units digit of u?
4
Let f(d) = -50*d - 2. What is the units digit of f(-1)?
8
Let m = 36 - -2. Let v = -15 + m. What is the units digit of v?
3
Let t = 63 - 32. Suppose -t - 51 = -2*w. What is the tens digit of w?
4
Let z(v) = v**2 + v - 1. Let d be z(-2). Suppose -c + 7 - d = 0. What is the units digit of c?
6
Let y(b) = b**2 + 5*b + 2. Let i be y(-5). Suppose i*g - 5*h = -13, -3*g = -2*g + 2*h - 16. What is the units digit of g?
6
Let f(b) = b + 9. Let t(h) = 2*h + 18. Let m(o) = -11*f(o) + 6*t(o). What is the units digit of m(8)?
7
Let y(c) = 0*c**2 + 1 + c**2 - 2*c**2. Let r be y(3). Let u = 0 - r. What is the units digit of u?
8
Let s(f) = f**3 - 4*f**2 + 3*f + 2. Let x(k) = k - 11. Let b be x(7). Let q = 7 + b. What is the units digit of s(q)?
2
Let l(v) = -v**2 + 13*v + 13. Let z be l(15). Let m = -11 - z. What is the units digit of m?
6
Suppose -4*c = 4*m - 504, -169 + 37 = -c + 2*m. What is the hundreds digit of c?
1
Let x(u) = -u**2 + 8*u + 4. Let z be x(6). Let s be 2*(-4)/(z/(-6)). What is the units digit of 7*2/6*s?
7
Suppose 3*c = -2*c + 90. Suppose -2*o = -3*o - s + c, -5*o = -2*s - 55. What is the units digit of o?
3
Suppose 4*o + 12 = 28. Suppose -d - 2*d - o*y = -5, -3*y = -2*d + 9. What is the units digit of 14/6 + 2/d?
3
Suppose -95 + 676 = 7*d. What is the units digit of d?
3
Suppose 3*b = 61 + 35. What is the units digit of b?
2
Let b be (-2 + 1)/(1/(-3)). Let i be 1/(-3) + ((-56)/(-6))/4. Suppose b*k = t + 20 + 5, k - i*t - 5 = 0. What is the units digit of k?
9
Let d = 19 - -34. What is the tens digit of d?
5
Let n(a) = -a - 8. Let c be n(-11). Let f = c + 5. What is the units digit of 2 - (0 - 1 - f)?
1
Let f(l) = -7*l**2 + 2. Let g be f(2). Let y = g - -56. What is the units digit of y?
0
Let u be 0/((-2)/(-1)) - 24. Let m be -2 - (3/(-1))/(-1). Let x = m - u. What is the tens digit of x?
1
Let o be (2*-4)/(1/(-2)). Suppose -o = -4*m + 24. What is the tens digit of m?
1
Suppose -3*d = -2*d. Suppose d*f = f - 11. What is the units digit of f?
1
Let y(q) = -2*q - 1. What is the units digit of y(-2)?
3
Let g = -4 - -7. Suppose 0 = -g*d + d + 38. What is the tens digit of d?
1
Let u(r) = r**3 + 7*r**2 + 4*r + 2. What is the units digit of u(-6)?
4
Suppose 3*w + w - 8 = 0. Suppose 0*r = 4*r - 12. Suppose -16 = r*a - 5*a - w*p, 3*p - 20 = -2*a. What is the units digit of a?
4
Suppose 4*h = 15 - 3. Suppose -7 = -2*w + 9. Let i = w + h. What is the tens digit of i?
1
Let r(g) = 4*g**3 + 6*g**2 - 2*g - 3*g**3 + 10 - 18. What is the units digit of r(-6)?
4
Let t(u) = 55*u - 10*u - 81 + 83. What is the units digit of t(1)?
7
Suppose -88 = -4*v - 0*v. Suppose 2*k + 5*y - 71 = 0, -5*y = 3*k - 10*y - 94. Let h = k - v. What is the units digit of h?
1
Suppose 3*m + 3 - 45 = 0. Let z = m - 4. What is the units digit of z?
0
Suppose 0 = 2*w - 4*m - 30, 5 = -w + 2*m - 5*m. What is the units digit of w?
7
Suppose a - 3 = -1. Suppose 0*j = -a*j. Suppose j = 5*b - 13 - 27. What is the units digit of b?
8
Suppose y - 10 = -y. Suppose -y*c + 68 = -147. What is the units digit of c?
3
Let u = -6 + 12. What is the units digit of 9/u*32/6?
8
Suppose -3*g = 2*z - 8*g + 9, -3*z = -3*g. Suppose 0 = -5*i + z*o - 6, 0 = 2*i - 6*i - 5*o - 27. What is the units digit of 3*2/i*-1?
2
Let i = -82 + 119. What is the tens digit of i?
3
What is the units digit of ((-4)/1)/(-4) - -34?
5
Let s = 5 + 1. What is the units digit of 6 + (s/(-2))/3?
5
Let k = -6 - -5. Let q = -1 - k. What is the units digit of -2 - q - (-9 + 2)?
5
Suppose 2*d + 144 = 4*v, v + 0*v + 5*d = 25. What is the units digit of v?
5
Suppose 2*u + 4*x = -0*u + 426, 5*u + x = 1020. What is the tens digit of u?
0
Let n(l) = -l**3 - 6*l**2 - 9*l - 15. What is the tens digit of n(-6)?
3
Let w(v) = -24*v**3 - 2*v - 2. What is the tens digit of w(-1)?
2
Suppose -4*a - 2*c = -c - 46, -a = c - 13. Suppose 5*x - 19 = a. What is the units digit of x?
6
What is the tens digit of (2 - 14/(-4))/((-1)/(-22))?
2
Suppose 4*r + 4*b = 24, -29 = -5*r + b - 5. Suppose r*j - 4 - 61 = 0. What is the tens digit of j?
1
Let j(f) be the first derivative of -f**3/3 + 9*f**2/2 - 4*f - 3. What is the units digit of j(8)?
4
Suppose b - 3*a - 48 = 0, -3*b - 4*a = -167 - 3. What is the tens digit of b?
5
Let b be 1*(0 + 4 + 0). Suppose -m + 5*u = u, -4*m = b*u - 20. What is the units digit of (3 - (0 + 1)) + m?
6
Let h = 286 + -203. What is the units digit of h?
3
Suppose -83 - 25 = 4*g + 2*h, 4*g + 106 = -3*h. Let b = -20 - g. What is the units digit of b?
8
Suppose -318 - 106 = -4*c. Let b = -61 + c. What is the tens digit of b?
4
Suppose -d + 5 = -2*d, -1 = 4*p - 3*d. Let u = 8 + p. What is the units digit of (6/u - 2)*-2?
1
Suppose 0 = 5*d - 50 - 30. Suppose d = 4*o - 16. What is the tens digit of (24/(-10))/(o/(-60))?
1
Let q(g) = -4*g + 3. Let s be q(13). Let j = s - -105. What is the tens digit of j?
5
Let n be ((-24)/9)/(1/(-24)). Let v = -44 + n. What is the units digit of v?
0
Suppose 4*u - 7 = 3*x, 4*u + 15 + 3 = -2*x. What is the tens digit of (u/6)/((-1)/57)?
1
Let o(n) = -6*n + 4*n + 3*n - 2*n + 6. What is the units digit of o(3)?
3
What is the units digit of 12/4*62/3?
2
Let f = 0 + -5. Let j = 12 + f. What is the units digit of j?
7
Let n(y) = -y**2 + 6*y + 10. Let f be n(7). Suppose -z = -f*z + 30. What is the units digit of z?
5
Suppose -11 = -4*c + 3*a, -5*c + 2*a = a. Let p = c - -16. What is the units digit of p?
5
Let j be ((-48)/9)/(2/(-12)). Let h = 47 - j. Let v = h + -1. What is the tens digit of v?
1
Let x(z) = z**3 + 4*z**2 + 4. Let w be x(-4). Suppose -m + 2*m = w. Suppose 0*p = 2*p - m. What is the units digit of p?
2
Suppose 1 = -5*a - 2*u, -2*a + 4*a + 4*u + 10 = 0. Suppose -r = -a - 3. What is the units digit of r?
4
Suppose 2*n - 2*v = -2*n - 12, 0 = -n - 2*v - 3. Let t = -1 + n. Let p = 5 + t. What is the units digit of p?
1
Let g = 9 - 7. Let k = g + 1. What is the units digit of k?
3
Suppose 4*d - 5*d + 162 = -s, 0 = -4*d - 5*s + 657. What is the hundreds digit of d?
1
Suppose 4*g - 2*o - 9 = o, 0 = 4*g - 2*o - 10. Suppose 